51. What is t(262)?
-295
Let r(b) = 10*b**3 + b**2 + 30931*b + 30932. Calculate r(-1).
-8
Let q(h) = -7*h**2 - 213*h - 380. What is q(-28)?
96
Let j(t) = -328*t**3 - t**2 + 10*t + 36. Calculate j(-2).
2636
Let c(o) = o**3 + 8*o**2 + 4101*o + 45469. Determine c(-11).
-5
Let m(r) = r**2 - 569*r - 13599. Calculate m(-23).
17
Let n(o) = -14*o**2 + 4047*o - 20216. What is n(5)?
-331
Let f(m) = -m**2 - 71*m - 650. What is f(-10)?
-40
Let z(d) = 373*d**2 + 2609*d - 10. Give z(-7).
4
Let q(l) = 89*l**2 + 971*l - 2463. Give q(-13).
-45
Let h(z) = -3177*z - 5780. Determine h(-2).
574
Let w(t) = -5*t**3 + 157*t**2 + 109*t - 2578. What is w(32)?
-2162
Let o(w) = w**2 - 15343*w + 16. Calculate o(0).
16
Let u(p) = 2573*p + 182918. What is u(-71)?
235
Let c(s) = 3*s**2 + 885*s - 12977. What is c(-308)?
-965
Let m(s) = 4197*s - 847730. What is m(202)?
64
Let a(u) = 6754*u + 405289. Give a(-60).
49
Let h(l) = -201*l**2 - 133*l - 26. Give h(-1).
-94
Let u(q) = 219*q**2 + 11184*q + 83412. What is u(-42)?
0
Let l(u) = 631*u + 2653. What is l(-5)?
-502
Let z(p) = -147*p + 9152. What is z(68)?
-844
Let t(s) = -880*s - 35302. Calculate t(-40).
-102
Let d(m) = 2*m**2 + 150*m + 2830. Give d(-37).
18
Let t(q) = -2*q**3 + 43*q**2 + 10*q - 26. What is t(22)?
-290
Let l(h) = h**3 - 145*h**2 + 690*h - 78660. Determine l(144).
-36
Let y(f) = 28*f**3 - 47*f**2 + 275*f - 90. Give y(6).
5916
Let h(x) = x**3 - 282*x**2 + 4265*x - 2421. Calculate h(266).
-27
Let g(l) = -23286*l - 23290. Give g(-1).
-4
Let w(x) = x**3 + 33*x**2 - 777*x - 24688. Give w(-35).
57
Let o(j) = j**2 - 70*j - 23073. What is o(191)?
38
Let q(p) = 6*p**3 - 11*p**2 - 65*p + 216. Determine q(5).
366
Let z(f) = 1079*f**2 - 841619*f - 885. What is z(780)?
-105
Let a(g) = g**3 - 22*g**2 + 167*g - 2104. Give a(19).
-14
Let o(l) = l**3 + 1177*l**2 - 20304*l - 1. What is o(17)?
-103
Let y(m) = -1801*m - 63376. Give y(-36).
1460
Let q(c) = -490*c - 20410. Give q(-41).
-320
Let h(y) = y**3 + 259*y**2 + 14610*y + 122. Calculate h(-83).
-44
Let d(c) = 5*c**3 - 173*c**2 + 1245*c + 655. Determine d(24).
7
Let i(r) = 2*r**2 + 1106*r - 202337. Give i(-698).
83
Let b(f) = 4*f**3 - 264*f**2 - 13*f - 144. Determine b(66).
-1002
Let r(q) = -3*q**3 - 139*q**2 + 93*q - 4. Give r(-47).
43
Let y(i) = i**3 + 41*i**2 - 10*i - 6620. Give y(-36).
220
Let q(z) = -46*z**2 - 1072*z - 8655. Calculate q(-8).
-3023
Let i(n) = -2*n**3 - 390*n**2 - 16*n - 3119. Determine i(-195).
1
Let z(j) = -508*j**2 + 1877*j - 1875. Determine z(1).
-506
Let j(u) = -1120*u + 6448. Determine j(6).
-272
Let i(c) = -c**3 - 53*c**2 + 91*c - 4312. Calculate i(-56).
0
Let f(y) = -2*y**3 - 962*y**2 - 88994*y + 2134. Calculate f(-356).
-2
Let v(u) = -35*u**2 - 1498*u - 5986. Determine v(-4).
-554
Let c(r) = 98*r**2 + 2246*r + 29. Determine c(-23).
213
Let d(x) = -4*x**3 - 148*x**2 + 3*x - 7. Give d(-37).
-118
Let j(l) = l**2 - 3000*l + 74020. Determine j(25).
-355
Let i(w) = 405*w**2 - 94*w + 295. Give i(3).
3658
Let q(m) = 101537*m + 2741539. Give q(-27).
40
Let s(a) = 28*a**3 - 137*a**2 - 164*a + 738. Give s(5).
-7
Let x(i) = 30*i**2 - 4662*i + 45. Calculate x(156).
2853
Let z(s) = -12*s**2 - 368*s - 54. Give z(-28).
842
Let d(r) = -78*r**3 + 26*r**2 - 36*r + 14. What is d(2)?
-578
Let z(f) = -17*f**2 - 1170*f - 8076. Give z(-61).
37
Let h(f) = -20962*f + 440269. Calculate h(21).
67
Let z(t) = -3367*t + 2084170. What is z(619)?
-3
Let h(c) = -2*c**3 + 86*c**2 - 759*c - 2127. Give h(17).
-2
Let w(k) = -254*k - 2193. Calculate w(-10).
347
Let x(m) = 118*m**2 - 15466*m + 1010. Give x(131).
-38
Let q(u) = 258745*u + 4657462. What is q(-18)?
52
Let d(q) = -4*q**3 - 20*q**2 + 240*q + 601. Give d(-10).
201
Let r(f) = 11*f**3 - 9*f**2 - 5624*f + 22504. What is r(4)?
568
Let t(y) = -1067*y + 12891. Calculate t(12).
87
Let a(b) = 114*b - 10549. Give a(90).
-289
Let q(p) = -1621*p + 2894. Calculate q(2).
-348
Let w(c) = -2042*c + 1525306. Give w(747).
-68
Let c(s) = 228753*s - 2058847. Give c(9).
-70
Let h(i) = -25*i**3 + 295*i**2 + 1705*i - 26. What is h(-6)?
5764
Let h(d) = 2*d**3 - 84*d**2 - 86*d + 71. Determine h(43).
71
Let n(q) = 33909*q + 746003. Determine n(-22).
5
Let z(g) = 251*g + 300. Give z(-5).
-955
Let y(o) = -4*o**2 + 3*o + 73. What is y(-6)?
-89
Let o(n) = -n**3 + 157*n**2 - 1128*n + 203215. Calculate o(158).
27
Let s(h) = h**2 + 94*h + 2115. Determine s(-23).
482
Let k(t) = -t**3 + 4*t**2 + 265*t + 738. Give k(-3).
6
Let n(p) = p**2 - 3196*p + 1467847. Give n(556).
7
Let v(m) = 50*m**2 - 474*m + 36. Calculate v(9).
-180
Let w(u) = -157*u**2 - 5179*u + 149. Give w(-33).
83
Let q(b) = b**2 - 21307*b - 1239310. Calculate q(-58).
-140
Let u(m) = m**3 + 201*m**2 + 1350*m - 1534. What is u(-194)?
18
Let n(k) = 4*k**3 - 2287*k**2 + 76647*k + 496. What is n(536)?
-40
Let k(v) = -v**3 + 3*v**2 + 4918*v + 14698. Determine k(-3).
-2
Let w(x) = -7*x**3 - 71*x**2 + 436*x + 1. Give w(6).
-1451
Let t(u) = 587*u - 15085. Calculate t(26).
177
Let d(g) = 6*g**3 - 98*g**2 + 29*g - 1673. Determine d(17).
-24
Let j(g) = -g**2 + 626*g - 81151. Calculate j(191).
1934
Let q(g) = 846*g - 11117. Calculate q(12).
-965
Let g(a) = 18*a**3 - 3*a**2 + 179*a - 541. Give g(3).
455
Let n(d) = -2003*d + 172237. What is n(86)?
-21
Let a(v) = 32*v**2 - 14270*v - 242. Determine a(446).
650
Let q(j) = -23*j**2 + 937*j + 2835. Determine q(-3).
-183
Let z(y) = -138*y + 19201. Give z(142).
-395
Let k(w) = -51819*w - 208130. What is k(-4)?
-854
Let i(w) = -4*w**2 - 33507*w + 739066. Give i(22).
-24
Let y(g) = 44982*g - 224828. Calculate y(5).
82
Let z(k) = -k**3 + 8*k**2 - 5*k - 35. Give z(7).
-21
Let t(n) = -n**3 + 13*n**2 - 79*n + 96. What is t(9)?
-291
Let h(v) = -2577*v + 664876. Give h(258).
10
Let l(k) = -k**2 - 13052*k + 918745. What is l(70)?
205
Let s(c) = 330*c - 103549. What is s(312)?
-589
Let w(z) = z**3 + 284*z**2 + 8929*z + 256. Give w(-248).
8
Let l(v) = -15*v**2 - 343*v - 1345. Determine l(-5).
-5
Let u(d) = -178787*d + 357563. What is u(2)?
-11
Let q(g) = -g**2 - 104*g - 2067. What is q(-88)?
-659
Let g(l) = -12242*l + 18154876. What is g(1483)?
-10
Let s(g) = -g**3 - 24*g**2 + 94*g + 1248. What is s(-25)?
-477
Let n(s) = s**3 - 57*s**2 + 1162*s - 8441. Give n(20).
-1
Let b(z) = 11*z**2 + 238*z - 740. Give b(3).
73
Let k(b) = 1812695*b + 9063463. Determine k(-5).
-12
Let h(y) = 263*y + 10225. Give h(-39).
-32
Let a(j) = 90*j - 4234. Determine a(72).
2246
Let o(u) = u**2 - 1133*u + 198083. Determine o(216).
11
Let w(r) = 11*r**2 + 3416*r - 10347. Calculate w(3).
0
Let v(q) = 180*q + 19709. Give v(-121).
-2071
Let j(h) = h**3 - 11*h**2 - 155*h - 37. Give j(-6).
281
Let k(s) = -2*s**3 - 1342*s**2 + 50918*s + 9886. What is k(-707)?
-12
Let j(x) = -x**3 + 23*x**2 - 49*x - 922. Calculate j(11).
-9
Let y(v) = 1729*v + 29349. What is y(-17)?
-44
Let j(w) = -486*w - 57406. Give j(-118).
-58
Let j(a) = -3*a**2 + 45*a + 75322. Give j(-151).
124
Let u(o) = 20*o**2 + 131*o + 18. Determine u(-11).
997
Let m(w) = -2*w**2 + 122*w - 1593. Determine m(30).
267
Let r(z) = -3*z**3 - 62*z**2 - 256*z - 42. Determine r(-9).
-573
Let o(j) = -4*j**2 + 925*j + 22888. Calculate o(-24).
-1616
Let a(i) = 8*i**3 + 197*i**2 - 551*i + 23. What is a(-27)?
1049
Let l(i) = -i**3 - 186*i**2 + 28974*i - 3740. What is l(-287)?
-9
Let o(g) = 3*g**2 - 175*g - 9948. Calculate o(94).
110
Let u(h) = -31330*h - 1221824. Give u(-39).
46
Let o(m) = 13*m**2 - 88*m + 8. Give o(-6).
1004
Let q(p) = 16*p**3 - 77*p**2 - 61*p + 189. Determine q(-2).
-125
Let d(a) = -40*a**3 - 4*a**2 + a + 29. What is d(-2)?
331
Let v(l) = 11901*l - 392762. What is v(33)?
-29
Let w(x) = 6502*x - 4369359. Give w(672).
-15
Let a(r) = 2*r**3 - 844*r**2 - 6666*r + 1709. Calculate a(-8).
-3
Let q(m) = 210*m + 36509. Give q(-175).
-241
Let h(y) = -5*y**3 - 61*y**2 - 9. Give h(-14).
1755
Let w(x) = -80*x**3 - 1448*x**2 - 168*x - 295. What is w(-18)?
137
Let c(j) = 820*j + 96756. Calculate c(-118).
-4
Let w(q) = 447*q**2 + 10729*q - 121. Determine w(-24).
-145
Let g(n) = -63*n**3 + 373*n**2 + 57*n - 178. Determine g(6).
-16
Let f(a) = -a**3 + 12*a**2 - 53*a + 546. What is f(17)?
-1800
Let a(o) = -5770*o**3 + 17260*o**2 + 147*o + 15. Determine a(3).
6
Let n(h) = 2472*h + 98636. Calculate n(-40).
-244
Let u(s) = 15*s**2 - 1080*s - 75. Determine u(72).
-